s 4715285573 a composite number?
True
Is 15310845703 composite?
False
Is 47517765565 a composite number?
True
Is 2255433611 prime?
True
Is 4283902663 composite?
False
Is 140402059909 prime?
False
Is 5063024599 composite?
False
Is 14070845779 a prime number?
True
Is 1978353959 composite?
False
Is 15390170779 prime?
False
Is 244903872001 a prime number?
True
Is 89619739567 prime?
False
Is 2144458037 composite?
False
Is 1123762603 a composite number?
False
Is 422688949 a prime number?
False
Is 19092597671 composite?
True
Is 2448423583 composite?
False
Is 5912570669 prime?
True
Is 2551423003 a composite number?
True
Is 10214373287 prime?
False
Is 52803162289 prime?
True
Is 1287207263 prime?
True
Is 5214915821 a prime number?
False
Is 9483530783 composite?
False
Is 881563505 prime?
False
Is 608080703 prime?
True
Is 141733834379 composite?
False
Is 92516515483 a composite number?
True
Is 1296450079 composite?
True
Is 9351336151 prime?
False
Is 36773687683 composite?
True
Is 6251473927 prime?
False
Is 40500955769 a prime number?
False
Is 274536421 a composite number?
True
Is 128863580099 composite?
False
Is 7368811261 composite?
True
Is 4264192949 a prime number?
True
Is 19245864667 composite?
False
Is 234717253 a prime number?
False
Is 682004413 a composite number?
False
Is 1059457237 a composite number?
False
Is 7162593329 a composite number?
True
Is 358968581 a prime number?
False
Is 471957881 prime?
True
Is 2497590571 composite?
True
Is 58358869 a composite number?
True
Is 15557097893 a composite number?
False
Is 2105984501 a prime number?
False
Is 58071364007 composite?
False
Is 1674607541 composite?
True
Is 35203758331 composite?
True
Is 1297694521 composite?
True
Is 271975579 composite?
True
Is 33307161133 composite?
True
Is 238592219 a prime number?
True
Is 1197258059 a composite number?
True
Is 113893061 prime?
True
Is 178472417 prime?
True
Is 205702181 prime?
True
Is 249452659 a prime number?
True
Is 33489731017 prime?
True
Is 10569191285 a composite number?
True
Is 65177866553 prime?
False
Is 17936889991 prime?
False
Is 32831869897 a composite number?
False
Is 379189589 a prime number?
True
Is 123981335035 composite?
True
Is 6191154403 prime?
False
Is 55575975811 a composite number?
True
Is 390432437 composite?
True
Is 991583587 composite?
True
Is 242198549 a composite number?
False
Is 5210358817 a prime number?
True
Is 15528162577 a composite number?
False
Is 11917957369 prime?
False
Is 335023303 a prime number?
True
Is 359329831 a composite number?
True
Is 12162246823 a prime number?
False
Is 25813751209 composite?
False
Is 5215194331 composite?
True
Is 3975648811 a composite number?
False
Is 995677721 prime?
True
Is 3462869393 composite?
False
Is 29738472227 composite?
True
Is 1650821351 a prime number?
True
Is 1255215659 composite?
True
Is 474088073 composite?
True
Is 104254215899 composite?
False
Is 1195287823 prime?
True
Is 87472541833 a prime number?
True
Is 18637932469 prime?
False
Is 278172721 a prime number?
False
Is 1434473553 composite?
True
Is 77088822539 prime?
True
Is 20636659 a composite number?
True
Is 145682532439 a prime number?
True
Is 753521473 prime?
True
Is 4242774671 prime?
True
Is 2866382627 a composite number?
False
Is 4559984951 a composite number?
True
Is 2606854993 prime?
False
Is 196745449 a composite number?
False
Is 2922973301 a composite number?
False
Is 44226055249 composite?
True
Is 754663802 a composite number?
True
Is 27767401 a prime number?
False
Is 5563878343 a composite number?
True
Is 1979953237 composite?
False
Is 188624724259 a composite number?
False
Is 12802144381 prime?
False
Is 6177771337 a composite number?
False
Is 1281728089 a prime number?
True
Is 1476206861 composite?
True
Is 37946410049 a composite number?
False
Is 648039943 a prime number?
False
Is 26730375889 prime?
False
Is 54345487558 composite?
True
Is 1155397849 a composite number?
False
Is 20696283563 a prime number?
False
Is 53477790757 a prime number?
True
Is 62527980149 composite?
False
Is 259392635 prime?
False
Is 974963897 a prime number?
False
Is 19209944837 prime?
False
Is 3761329109 composite?
True
Is 57945919 composite?
False
Is 67964071211 prime?
True
Is 8901913343 a prime number?
True
Is 4324182717 a prime number?
False
Is 1710877031 a composite number?
False
Is 127748807 composite?
False
Is 39308534797 a prime number?
False
Is 101489306861 prime?
True
Is 13559365837 composite?
True
Is 661731803 prime?
True
Is 1431606581 composite?
True
Is 9846983989 a composite number?
True
Is 13796427298 composite?
True
Is 7904475487 prime?
True
Is 211835893 composite?
True
Is 2462628559 a composite number?
False
Is 15765976558 a composite number?
True
Is 2498184881 prime?
True
Is 3426869573 prime?
True
Is 2620573 a composite number?
False
Is 3194057677 composite?
False
Is 1542119027 a composite number?
False
Is 501670193 prime?
False
Is 104513147 prime?
True
Is 599044009 a prime number?
True
Is 7694948707 a prime number?
True
Is 448864693 prime?
False
Is 223430261 a composite number?
False
Is 652507591 a prime number?
False
Is 1764431569 a composite number?
True
Is 2617532597 a prime number?
False
Is 39615303883 composite?
False
Is 19359463534 a prime number?
False
Is 2674017779 a composite number?
True
Is 1405223399 prime?
True
Is 730530211 a prime number?
True
Is 3171000593 prime?
False
Is 2482828977 a prime number?
False
Is 3471730793 prime?
False
Is 3048841009 prime?
True
Is 1290977885 composite?
True
Is 46663279991 prime?
False
Is 27033271093 composite?
True
Is 12513867251 composite?
True
Is 3834793507 a prime number?
False
Is 21627527539 a composite number?
True
Is 1925892779 composite?
True
Is 182950853 prime?
False
Is 114223591 a composite number?
False
Is 103751759 prime?
False
Is 284017187 a composite number?
True
Is 26403590893 a prime number?
False
Is 143061119 composite?
False
Is 1603143431 a composite number?
False
Is 713250983 a composite number?
True
Is 69416413 a composite number?
True
Is 2400712823 a prime number?
True
Is 1157597551 composite?
True
Is 2365196683 composite?
False
Is 2517972161 a prime number?
False
Is 34226129017 a composite number?
True
Is 7209498713 composite?
True
Is 24501455039 prime?
True
Is 771963041 composite?
False
Is 4214374841 a composite number?
True
Is 77132925517 a prime number?
True
Is 28438502363 composite?
False
Is 23787123691 a prime number?
True
Is 529120823717 prime?
True
Is 180964287095 a composite number?
True
Is 215424244357 composite?
True
Is 228503921 a composite number?
True
Is 34210296923 a composite number?
True
Is 2181047207 a composite number?
True
Is 726392383 a prime number?
True
Is 99581142443 a prime number?
True
Is 21610621423 a composite number?
False
Is 844375421 a composite number?
False
Is 2607551059 composite?
True
Is 4231991479 composite?
True
Is 830698955 a composite number?
True
Is 2378160913 composite?
True
Is 48053062131 a composite number?
True
Is 91856240899 prime?
True
Is 1662875759 composite?
False
Is 19641551669 a composite number?
False
Is 23215740991 a composite number?
True
Is 1424352278 composite?
True
Is 879932197 composite?
False
Is 1484520571 composite?
False
Is 23636131891 composite?
False
Is 15332055061 a composite number?
True
Is 8215945597 composite?
True
Is 2808554927 prime?
True
Is 1359597617 a composite number?
True
Is 86425891 a prime number?
False
Is 2124960911 a prime number?
True
Is 1213388173 a prime number?
True
Is 1387137413 a composite number?
False
Is 1673467714 a prime number?
False
Is 43415949151 a prime number?
True
Is 14368038667 a prime number?
True
Is 8376405773 a composite number?
False
Is 27906075217 composite?
True
Is 383908313 a composite number?
True
Is 1558393181 composite?
False
Is 924175331 composite?
True
Is 284797781041 a composite number?
False
Is 9318896297 a composite number?
True
Is 2026953451 composite?
True
Is 36963473959 prime?
True
Is 19298348801 a composite number?
True
Is 143172019 a prime number?
True
Is 683026879 a composite number?
True
Is 1486589957 composite?
False
Is 602993959 composite?
False
Is 3756264233 prime?
False
Is 3083700449 composite?
False
Is 27256099865 composite?
True
Is 156782477 composite?
False
Is 218555761 prime?
False
Is 15651493771 prime?
False
Is 26198338147 a composite nu